et u(z) = -11*z + 68. What is u(b)?
-9
Let q(n) be the second derivative of n**5/20 + 2*n**4/3 - n**3 - 3*n**2 + 7116*n. What is q(-8)?
42
Let h(k) = -109 - 14*k + 52 - k - k**2 + 2*k**2 + 75. What is h(14)?
4
Let d(o) = -o**3 - 7*o**2 - 7*o + 12. Let z be -11 - 5*(-30)/25. Calculate d(z).
-3
Let l(f) = -5*f + 4*f**2 + 72 - 3*f**2 - 70. Let n be (6/2)/((-3)/(-4)). Suppose 3*b = 5 + n. Give l(b).
-4
Let s(g) be the first derivative of -g**2/2 - 2*g - 6871. Let h(u) = -u**3 - 5*u**2 - u - 5. Let d be h(-5). Calculate s(d).
-2
Let c(y) be the third derivative of -y**6/120 - y**5/12 + y**2. Suppose 0 = 4*l + 2*q - 310, -2*l + 35 = -4*q - 95. Suppose -28*p - 65 - l = 0. Determine c(p).
0
Let y(l) = l**3 - 41*l**2 - 2*l + 97. Suppose -215*h + 575 - 2000 + 10240 = 0. Give y(h).
15
Let h(v) = -v**3 + 18*v**2 + 8*v - 69. Let g be h(17). Let d = -377 + g. Let w(f) = -f - 24. Determine w(d).
-3
Suppose 0 = -2*q + 2 + 2, -o - 4*q = -11. Let y(d) = 0*d**2 - 1 - d**o + d - 7*d**2 - 8*d + 5. Suppose -17*c - 30 = -12*c. Determine y(c).
10
Let i be (10/(-8))/(2/(-8)). Suppose 3*l + 5*t = 11, -l = 2*t - 4 - 0. Let h(x) = 3 - 2*x + 0*x**2 + x**l + x - 3*x. Determine h(i).
8
Let z(s) = 0*s**2 - 18 - 149*s - 123*s - s**2 + 282*s. What is z(13)?
-57
Let v(t) = 5*t + 7. Let m(s) = -9*s - 13. Let c(z) = -6*m(z) - 11*v(z). Let g = -105550 - -105548. What is c(g)?
3
Let j(b) = -b**2 + b - 9. Let f = 17 + -13. Suppose -1 = f*v - 13. Suppose v*z + z = 0. Give j(z).
-9
Let w(q) = -6*q - 39. Let r(y) = 5*y + 33. Let i(a) = -5*r(a) - 4*w(a). Suppose 0*f - 15 = -3*f. Suppose 0 = s - 3*p + 17, 0*s = f*s + 4*p + 9. Determine i(s).
-4
Let z(y) be the third derivative of y**6/80 + y**5/24 + y**4/2 - y**3/3 - 164*y**2. Let v(o) be the second derivative of z(o). What is v(-4)?
-31
Let j(q) = q**2 + 22*q + 24. Suppose 0 = -4*r - 2*l - 64, l - 58 = -67*r + 71*r. Give j(r).
-81
Let o(w) = 3*w + 27. Suppose -y - g - 399 + 395 = 0, 26 = -5*y - 3*g. What is o(y)?
6
Let a(s) = -s. Let j(v) = v**3 + 9*v**2 + 14*v. Suppose 0 = -3*l - 28*r + 33*r, -5*r = -2*l - 5. Let k(m) = l*a(m) + j(m). Let g = 12 - 20. Calculate k(g).
-8
Let x(r) be the second derivative of 0 + 3/2*r**2 + 2/3*r**3 + 234*r + 1/3*r**4. What is x(-2)?
11
Let i(c) = 34*c**2 - 4*c + 1. Suppose 2*d - 15 = -5*r + 5, -5 = -5*r - 5*d. Let p(z) = -33*z**2 + 3*z - 1. Let s(m) = r*p(m) + 5*i(m). Determine s(-1).
-27
Let m = 61 - 58. Let i(f) = -m*f - 4 + 3*f**2 - 3*f**3 + 4 + 4*f**3 + 2. What is i(-3)?
11
Let q be (13 - 0)*-6*(-3)/(-6). Let u = 43 + q. Let f(k) = 9*k + 4. Let x(g) = -5*g - 2. Let b(m) = -6*f(m) - 11*x(m). Give b(u).
2
Let s(d) be the second derivative of d**5/30 + 5*d**4/12 + 17*d**3 + 46*d. Let f(k) be the second derivative of s(k). Calculate f(-7).
-18
Let a = 2524 - 2510. Let j(k) be the first derivative of k**4/4 - 13*k**3/3 - 7*k**2 - 5*k + 40. Calculate j(a).
-5
Let u(o) be the first derivative of -o**3/3 + 11*o**2 + 36*o - 200. What is u(23)?
13
Let u(q) = q**3 + 10*q**2 + 11*q + 13. Suppose o = -a - 2*a + 75, 5*a - 4*o - 125 = 0. Let y be 8/(-10) + 96/160 + 342/10. Let n = a - y. Give u(n).
-5
Let x = -76 - -72. Let k be ((-6)/4 - x/8)*-2. Suppose -6*y + 9*y = 6, k*y = -4*j. Let w(r) = -3*r**3 + r. Determine w(j).
2
Let y(u) = -2*u + 36 + 24 + 8 - 26 - 5*u. Let s be y(7). Let c(j) = j + 1. Calculate c(s).
-6
Let s(f) = -3 + 1332*f + 1343*f - 2662*f. What is s(0)?
-3
Let c(p) = -p**3 - 9*p**2 + 8*p - 2. Let a be c(-10). Let f(y) = -y**2 + 16*y + 30. Let z be f(a). Let l(m) = -m**3 - 7*m**2 - 8*m - 6. What is l(z)?
6
Suppose 0 = -195*c + 182*c + 195. Let u(f) = -c + f**2 + 16 - 71*f + 73*f. What is u(-6)?
25
Let p = 2 + 3. Let t(i) = -13 - p*i - 9*i - i**2 + 4*i. Let y be 0 + -3*28/21 + -5. What is t(y)?
-4
Let q(v) be the third derivative of -v**4/24 + v**3/6 + v**2. Let c be 200/6 + (-6)/(-9). Suppose -5*a + 5*z - c = 2*z, 5*a = -5*z - 10. Determine q(a).
6
Let k(y) be the second derivative of -1/12*y**4 - 6 - 2*y + 5/2*y**2 - y**3. What is k(-5)?
10
Let x(f) = f**2 + 11*f + 4. Let d = -787 - -781. Give x(d).
-26
Suppose -4*s = -17 + 25. Let d(f) = -7*f**2 - 2*f. Let u(i) = -i**3 + 16*i**2 + 5*i. Let k(y) = s*u(y) - 5*d(y). What is k(-3)?
-27
Let y(u) = 12*u - 135. Let x be y(12). Suppose 0 = 25*z + x - 59. Let c(l) = 2*l**3 - 4*l**2 + l + 2. Give c(z).
4
Let a(w) = -102*w**3 - 17*w + 19 + 101*w**3 - 8951*w**2 + 8973*w**2 - 5*w. What is a(21)?
-2
Let w(h) be the second derivative of h**3/6 + 5*h**2/2 - 1371*h. Determine w(-6).
-1
Let q(u) = u**2 + 13*u + 12. Let a be q(-12). Suppose a = 2*i - 4 + 30. Let l(w) = -28 - 17 + 28*w + 27 - 29*w. What is l(i)?
-5
Suppose -4*x = -2*x + 10. Let d(w) = -9*w**2 + 9*w - 1. Let o(l) = 7*l**2 - 8*l + 2. Let m(z) = -4*d(z) - 5*o(z). Give m(x).
-1
Let b = -282 + 471. Let n(o) = -97 + o**2 + b + 3*o**2 - 93 + o. What is n(2)?
17
Let f(w) = -w**3 - 52*w**2 - 192*w + 14. Let p = -11174 + 11126. What is f(p)?
14
Let y(q) be the third derivative of -q**4/6 + 25*q**3/6 + 312*q**2 + 3*q. Calculate y(9).
-11
Let a(b) be the first derivative of b**4/4 + b**3 - b**2 - 2*b - 25. Suppose -2*g - 10 = 2*o, 80 - 85 = 3*o - 2*g. Calculate a(o).
4
Suppose -4*v = f - 233, 0 = -2*f + v - 127 + 548. Suppose 3*s - 24 + f = 0. Let u = -69 - s. Let t(p) = p**2 + 7*p - 3. Determine t(u).
-9
Let z(g) = -13*g**2 + 6*g - 4. Let b(l) = -2*l**2 - 1. Let t(a) = 5*b(a) - z(a). Let n(c) = 2*c**2 - 5*c - 1. Let k(p) = 5*n(p) - 4*t(p). Give k(-2).
-7
Let q be (18/14 - 2/7) + 4 - -25. Let a(f) = f**3 - 31*f**2 + 28*f + 71. Determine a(q).
11
Suppose 4*k + 4 = -4. Let v(y) = 341*y - 87*y - 69*y - 92*y - 90*y - 2. Determine v(k).
-8
Let j(i) = 185*i**3 - 3*i + 5*i**2 - 2*i**2 - 186*i**3. Let g = 11 - -31. Let k = g + -39. Calculate j(k).
-9
Suppose 0 = -4*u - 5*j - 36, -5*u + 50 = -2*j + 95. Let z(s) = -s**2 + 3*s + 74. What is z(u)?
-34
Suppose -d + 25 = 2*k, -d = 4*k - 35 - 18. Let i(j) = -2*j + 12*j + j**2 + k + 2*j. What is i(-10)?
-6
Let v(n) = -n - 1. Let a(d) = -4*d - 6. Let i(c) = -a(c) + 5*v(c). Let f = 1896 + -1897. What is i(f)?
2
Let t = 3881 + -3879. Let u(y) = 6*y**3 - y**2 - y + 4. What is u(t)?
46
Let n(x) = x + 6*x - 2*x - 4*x - 1. Let m(f) = -f**3 + 26*f**2 - f + 22. Let s(l) = -35*l + 166. Let r be s(4). Let p be m(r). Determine n(p).
-5
Let i(t) = 7*t + 20. Let f(y) = 4*y + 10. Let r(l) = 9*f(l) - 4*i(l). Let z be (89 + -154 - -50) + 1*(-14)/(-2). Determine r(z).
-54
Let y = 110 - 98. Let c(v) = v - 5 + y - 18. Let i be -1 - (1 + (3 - 13)). What is c(i)?
-3
Let o(u) = u**2 - 59*u + 786. Let x be o(39). Let s(t) = t**2 - 13*t. Calculate s(x).
-42
Let i(q) = 27 + 19*q - 23*q - 27*q + 96*q**2 - 97*q**2. Let l be i(-32). Let f(p) = p - 1. Determine f(l).
-6
Let m(t) = -t**3 - 5*t**2 - 2*t + 2. Suppose -16*b = -21 - 27. Suppose -5*p + 5 = k - b*p, 4*k = -2*p - 4. Determine m(k).
-10
Let z(p) be the first derivative of p**3 + 9*p**2/2 - 23*p - 2987. Determine z(2).
7
Let a be (-3936)/(-2296) - (-4)/14. Let f(j) = j**2 + j. Let c(z) = -2*z**2 - 4*z + 1. Let t(k) = c(k) + 3*f(k). Give t(a).
3
Let s(o) be the second derivative of -o**3/6 - 11*o**2 - o. Let p be (2 - (348/57 + -4)) + 15402/(-969). Determine s(p).
-6
Let n(p) = -4*p**2 - 21*p - 25. Let f be n(-2). Let v(i) = -10*i**2 - 3*i + 3. Give v(f).
-10
Let p be 3/5 + (7432/(-20) - 5). Let w be (p/(-12) - 2/(-3)) + -1. Suppose w*v - 35*v - 24 = 0. Let x(m) = -m - 1. What is x(v)?
5
Let l(y) be the first derivative of 3/2*y**2 - 2*y + 10. Suppose -2*n = -3*g - 19, -10 = 4*g + n - 3. Determine l(g).
-11
Suppose -19*v + 22*v = -3. Let s(u) = -u**3 - u**2 - 1. Let y(h) = -3*h**3 - 3*h**2 - 2. Let d(l) = v*y(l) + 2*s(l). What is d(0)?
0
Let c = 62 + -78. Let x(m) = 345*m - 111*m - 127*m - 9 - 108*m - 2. Calculate x(c).
5
Let w(m) = m**2 - 8*m + 9. Let y = 136 + -66. Let i = y - 62. Suppose -3*v + i = -2*t, -3*v - 11 = -5*t - 4. Determine w(v).
-3
Let n be -1 - (5 + 3 - 3). Let m(g) = -7*g**3 + 11*g**2 - 2*g - 11. Let y(i) = -6*i**3 + 10*i**2 - 2*i - 10. Let s(j) = n*y(j) + 5*m(j). Give s(3).
-7
Let l(v) = -v**2. Let a(p) be the first derivative of -p**3/3 - p**2/2 - p - 2. Let x(t) = 6*a(t) - 7*l(t). Let i = -1930 - -1936. Give x(i).
-6
Suppose 0 = 3*m + w + 361 - 330, 4*m + w + 43 = 0. Let d(s) = s**2 + 5*s - 103. What is d(m)?
-19
Let r(q) = 